-2)) a composite number?
False
Suppose 6*m + 28222 - 102316 = 0. Is m prime?
False
Suppose -c + 5*l = -4, c - 2*c = 5*l + 36. Let u = -12 - c. Suppose u*t + 2202 = v + v, v - 3*t = 1103. Is v a composite number?
False
Let r(n) = 718*n + 67. Is r(4) prime?
True
Let c(v) = -36*v + 13. Let r(d) = 71*d - 27. Let x(a) = -5*c(a) - 2*r(a). Is x(23) a prime number?
True
Suppose -5*b = -2*b. Suppose -4 = -2*t - b. Is t/5 + 113/5 a prime number?
True
Let x(w) = 18*w**2 + 3*w + 10. Let s = -18 + 33. Suppose -2*u - s = u. Is x(u) a prime number?
False
Let q be (-3496)/(-10) + (-12)/(-30). Suppose 4*c + q = -190. Is 226*(c/6)/(-9) a prime number?
False
Suppose -g + 28238 - 10375 = 0. Is g composite?
False
Let s(n) = n**3 + 7*n**2 + 5*n - 4. Let i be s(-6). Let k be (-20)/(-6)*12/10. Suppose 3*z = i*d - 83, 125 = k*d - 4*z - 51. Is d a composite number?
True
Let n be (926/6)/(5/(-15)). Let x = -252 - n. Is x a prime number?
True
Let d be 4/(-8)*1*2 + 1. Suppose 4*k = -d*k + 1972. Is k a composite number?
True
Let b = 64913 + -44596. Is b a composite number?
True
Let q(x) = -5*x**3 + 3*x**2 + 3*x + 10. Let w(y) = -6*y**3 + 3*y**2 + 4*y + 11. Let i(u) = -4*q(u) + 3*w(u). Is i(10) composite?
False
Let h(z) = z**2 + 6*z + 7. Let d be h(-5). Let o be (0 - -1)*1 + d. Is 1 - (-203 + o) - 0 prime?
False
Let p = -13 + 16. Let s = 130 - p. Is s composite?
False
Suppose -4*s + 8*s = 12. Suppose 272 = -s*o + 1232. Suppose z = m - 0*z - 105, 2*z = -3*m + o. Is m a prime number?
False
Let i = -9496 - -13909. Is i a composite number?
True
Is (-6 - 2 - -4)*(-929)/2 composite?
True
Let c(i) = -7*i + 6. Suppose p = 3*p + 24. Let x be c(p). Suppose 0 = 2*b - 8*b + x. Is b a prime number?
False
Is -587*(37 - -5)/(-6) prime?
False
Let z = -1704 + 510. Let j = z + 1949. Is j a composite number?
True
Let j = -2303 + 4380. Is j a prime number?
False
Let c = -1924 - -3478. Let k = c + 1831. Is k a prime number?
False
Let k be ((2 - 4) + 0)*-2. Suppose 0*z + 436 = k*z. Is z composite?
False
Suppose 11*i - 576 - 260 = 0. Let y = 135 + i. Is y composite?
False
Is 31/(-3 + (-4040)/(-1345)) prime?
False
Suppose -4*w + 3351 = -6101. Is w a composite number?
True
Suppose -5*a + 4*i - 2*i + 3727 = 0, -5*a + i = -3726. Let q = a - 425. Suppose p + 690 = 2*z - 3*p, -z - 3*p = -q. Is z prime?
False
Is -22492*(-1)/12*(-15)/(-1) a composite number?
True
Suppose 2*l = 5*k - 2322 + 8038, -k + 8591 = 3*l. Is l a composite number?
True
Suppose 4*r - 403 = -87. Suppose 36 + r = -3*z + k, 191 = -5*z + 2*k. Is (z/6)/((-1)/6) a composite number?
True
Let s(x) = 3*x**2 - 9*x + 6. Let i(r) = -4*r**2 + 8*r - 7. Let h be ((-24)/(-40))/((-2)/10). Let f(d) = h*s(d) - 2*i(d). Is f(9) a prime number?
False
Let g(i) = 77*i**2 + 15*i + 5. Is g(8) composite?
True
Suppose 11 + 9 = 4*n. Suppose 0 = z - n*q - 223, -q = -2*z + 276 + 170. Is z prime?
True
Is 7*4/8*6158/7 prime?
True
Let d(g) = -g - 10. Let q be d(-12). Suppose z - 120 = r + 2*r, q*r = -4*z + 438. Is z prime?
False
Suppose -j + 31603 = -i, -5*i + 94793 = 2*j + j. Is j a composite number?
False
Let w(z) = -z**2 - 2*z - 1. Let s be w(-5). Let i = 17 + s. Is 112 - (1/i - 0) composite?
True
Let n(i) = 581*i + 51. Is n(20) a prime number?
False
Let c = -190 + 75. Let u be c/(-30) + 2/12. Suppose 596 = u*m - 624. Is m a composite number?
True
Is -1*(1/(6/(-121080)) - -3) a composite number?
False
Let w be 10/(-4)*-362*1. Is 0*3/(-12) + w a composite number?
True
Let j(p) = -3*p**3 - p**2 + 9*p + 14. Let w be j(-6). Is (-3)/((-12)/w) - -2 a prime number?
False
Suppose -2*k = -k - 5. Suppose -k*y + 3*i + 941 = 0, 2*y - 7*i - 384 = -2*i. Is y composite?
True
Let b = 2423 + -1306. Is b a composite number?
False
Let d(p) = 2*p**3 + 4*p**2 + 8*p + 15. Let c(b) = -b**3 + b**2 + b + 1. Let r(v) = 3*c(v) - d(v). Is r(-5) composite?
False
Suppose 3*f - f + 12 = -5*o, 5*f + 3*o - 8 = 0. Is (f/6)/(8/372) a composite number?
False
Suppose 4*g = 190 + 3538. Suppose 2*b - 568 - g = 2*q, 0 = 4*b + 3*q - 2965. Is b prime?
False
Suppose -257*v - 46781 = -264*v. Is v prime?
False
Let j(u) = 3*u**3 - u**2 - 2*u + 31. Suppose -y + 9 = -q + 2*y, -3*y + 27 = 2*q. Is j(q) a prime number?
True
Is 27556990/805 - (-5)/7 a composite number?
True
Let q = -73 - -80. Let t(d) = 9*d + 14. Is t(q) a composite number?
True
Suppose 4*d - 2 = 2*d, 3*w - 4*d - 13859 = 0. Is w composite?
False
Suppose 0 = 8*w - 30385 + 3369. Is w a composite number?
True
Let y be (-1 - (-3 + -4)) + 0. Let t(k) = -k**2 + 7*k - 4. Let f be t(y). Is (-872)/(-6) + f/(-6) a composite number?
True
Suppose 0 = 2*l + 137 + 679. Let u be l/(-9)*45/12. Suppose 5*s - 187 = -4*m - 51, -5*s - u = -5*m. Is m a prime number?
False
Let q(t) = -370*t - 4. Let a be q(2). Let g = 1067 + a. Is g a prime number?
False
Let k(r) = -18*r**3 - 3*r**2 - 2*r - 3. Let b be k(-3). Suppose 12*i - 3582 = b. Is i a composite number?
False
Let s(m) = 1986*m**2 - 19*m - 52. Is s(-3) composite?
True
Let h be (-24120)/50 + (-6)/10. Is h/9*(12/(-4) - 0) composite?
True
Let p(n) = 10 - 22 + 17 + 1650*n. Is p(1) prime?
False
Suppose 3*m - m = 5*c - 35197, 2*c + 4*m = 14074. Is c composite?
False
Let a(i) = -i**3 - 7*i**2 - 7*i + 3. Let p be a(-6). Suppose 11230 = 14*v - p*v. Is v a prime number?
False
Suppose 5*g - 64450 = -5*x, -4*g + 2*g = -x + 12899. Is x a composite number?
False
Let n be ((-1)/4)/((-15)/240). Let s(t) = 130*t - 3. Is s(n) composite?
True
Suppose -o + 5507 = -4*y, 22028 = 4*o - 10*y + 12*y. Is o prime?
True
Suppose -130*l - 31767 = -133*l. Is l prime?
True
Let d(p) = -39*p**3 - 7*p**2 - 9*p - 9. Is d(-4) prime?
True
Let k = -59 - -76. Suppose 0 = -k*u + 14*u + 4083. Is u a prime number?
True
Suppose -143 - 72 = 5*t - 5*l, -4*l = 4*t + 156. Let o = t + 28. Let w = o + 36. Is w a prime number?
True
Suppose 4*d - 6612 = 4*b, 3*d - 4*b - 316 = 4639. Is d composite?
False
Suppose 19*d + 2722 = 21*d. Is d a prime number?
True
Let q(p) = p**2 + 4*p - 3. Let h be q(-6). Suppose 1115 = -4*c + h*c. Is c prime?
True
Let f(a) = -8*a**3 + 2*a**2 + 15*a + 53. Is f(-12) composite?
True
Let b(c) = -4*c - 43. Let s be b(-12). Let a = 1 + 2. Suppose -a*f + f + 618 = -s*o, 0 = -3*o + 12. Is f composite?
True
Let r(o) = -137*o**2 - 8*o - 4. Let z(p) = -34*p**2 - 2*p - 1. Let l(k) = 2*r(k) - 9*z(k). Is l(5) a composite number?
False
Let l = 116 + -290. Let o = 425 + l. Is o a composite number?
False
Let n(c) = -418*c - 25. Is n(-7) a prime number?
False
Suppose 4*y - 544 - 460 = 0. Is y prime?
True
Is 44/(-264)*1*-233346 prime?
True
Suppose 2*w + 8 = 16. Let n(d) = -19*d**3 + 3*d**3 + 15*d**2 + w - 8*d**2. Is n(-5) prime?
True
Let t(h) = 62*h - 6. Let d be t(16). Suppose 0 = 6*l - d - 1672. Is l a prime number?
True
Let y(n) = -2*n - 9. Let d be y(-8). Suppose 0 = -w - d + 4. Let k(m) = 50*m**2 - m - 4. Is k(w) a prime number?
True
Let b = -1187 + 4224. Is b prime?
True
Is 6 + (-5)/((-35)/10976) a prime number?
False
Suppose -69*z = -50*z - 75791. Is z a prime number?
True
Let c = -17 + 34. Let i = 13 - c. Is 444 - (0 + i) - 3 a composite number?
True
Let r be 2/2*(-1 - -2). Let z = 4 - r. Suppose 0 = 3*c - z, 5*k + 0*k = -4*c + 234. Is k composite?
True
Let k = 3461 + -4. Is k prime?
True
Let u(g) = 2618*g - 9. Is u(1) prime?
True
Let f = 137 + -167. Is (4786/6)/(f/18 - -2) prime?
True
Let n(r) = -r - 4. Let p be n(-16). Is (-873)/(p/(-4)) + 2 composite?
False
Let p be 12/8*(-42)/(-9). Suppose 0 = -p*g + 11463 + 40372. Is g a composite number?
True
Let o(t) = t**3 + 2*t + 123. Is o(0) a prime number?
False
Suppose -1687 = 2*d + 897. Let w = -753 - d. Suppose w = -3*n + 5*n - b, 2*n - 544 = 2*b. Is n prime?
False
Let m(h) = -h**3 - 9*h**2 - 4*h - 13. Suppose 4*s = 2*s - 18. Is m(s) a composite number?
False
Suppose 0 = -11*b - 143 + 2244. Is b a composite number?
False
Is -4*(-3)/(-16)*24632/(-6) prime?
True
Suppose 2*d + 2*q = -68, -5*d + 3*q - q = 142. Let y be (d/(-2))/((-2)/(-2)). Let i = -9 + y. Is i a composite number?
True
Let l = -118 + 116. Let v be (2/3)/((-4)/6). Is l/v - 3 - -188 a prime number?
False
Suppose 0 = 6*r - 738 - 1776. Is r prime?
True
Let o = 2706 + -1736. Let d = o - 561. Is d prime?
True
Suppose 0 = -f + 2*v + 24255, -5*v - 24261 = -f - 0*v. Is f composite?
False
Let i = -16 + 15. Let u be (-7)/i - 4 - -236. Let r = u 